- 10*q**2 - 14*q + 3. What is d(-7)?
-46
Let n(f) = f**3 - 13*f**2 - 9*f - 378. What is n(15)?
-63
Let q(f) = 13*f**2 + 150*f + 159. What is q(-10)?
-41
Let c(g) = -g**3 + 41*g**2 + 184*g + 59. Give c(-4).
43
Let r(j) = 460*j - 10102. What is r(22)?
18
Let t(g) = -2*g**3 - 46*g**2 - 20*g - 443. Determine t(-23).
17
Let h(n) = -3*n**2 - 33*n - 140. Determine h(-6).
-50
Let y(k) = 14*k + 21. What is y(-20)?
-259
Let g(m) = 43*m**2 - 5*m + 10. What is g(2)?
172
Let j(c) = 213*c + 4253. Determine j(-20).
-7
Let l(a) = a**2 + 68*a - 10. Determine l(0).
-10
Let b(n) = -66*n**2 + 727*n + 20. Give b(11).
31
Let c(y) = 2*y**2 - 270*y + 8627. Give c(83).
-5
Let r(l) = 32*l - 6. Give r(2).
58
Let l(c) = -209*c**2 + 7315*c - 8. Determine l(35).
-8
Let g(x) = 61*x - 28. Give g(-10).
-638
Let g(w) = 10*w**3 - 4*w**2 - 33*w - 135. Determine g(-4).
-707
Let u(a) = 3*a**2 - 3*a - 9. What is u(-4)?
51
Let c(o) = 38*o + 77. Give c(-1).
39
Let c(l) = l**2 - 455*l - 2311. Determine c(-5).
-11
Let w(j) = j**3 + 7*j**2 - 6*j - 30. Determine w(-9).
-138
Let a(w) = w**3 - 9*w**2 + 25*w - 20. Give a(2).
2
Let p(z) = 63*z**2 - 2013*z - 90. Calculate p(32).
6
Let q(o) = -21*o + 246. Determine q(11).
15
Let h(u) = -76*u - 28. Determine h(-4).
276
Let m(a) = 70*a + 2832. Calculate m(-40).
32
Let r(o) = -o**3 + 14*o**2 + 9*o + 68. Give r(15).
-22
Let t(h) = 5*h**2 + 25*h - 75. Calculate t(3).
45
Let f(u) = -u**3 + 35*u**2 - 63*u + 2127. Calculate f(35).
-78
Let f(t) = 2*t**3 - 73*t**2 - 44*t + 63. What is f(37)?
-196
Let n(f) = f**2 - 10*f + 61. Give n(7).
40
Let h(l) = -19*l + 230. What is h(13)?
-17
Let x(i) = 9*i**2 - 4*i - 14. What is x(0)?
-14
Let y(o) = -2*o**3 + 402*o**2 + 1639*o + 202. Give y(205).
-3
Let i(f) = -665*f - 62502. Give i(-94).
8
Let t(v) = -70*v**3 + 841*v**2 - 25*v + 49. Give t(12).
-107
Let g(n) = -n**3 + 22*n**2 + 202*n - 932. Give g(28).
20
Let b(i) = -2*i**2 + 207*i + 1324. Determine b(-6).
10
Let g(m) = -m**3 + 8*m**2 - 7*m - 13. Give g(9).
-157
Let g(b) = 4*b**3 + 13*b**2 - 59*b - 287. What is g(-5)?
-167
Let a(y) = 312*y + 3124. Calculate a(-10).
4
Let d(b) = 7*b**2 - 9*b - 5. Give d(-2).
41
Let n(b) = b**3 + 29*b**2 - 186*b + 255. Calculate n(3).
-15
Let v(z) = z**2 + 3*z - 1640. What is v(-42)?
-2
Let s(r) = -24*r**2 + 642*r + 2595. Determine s(-4).
-357
Let m(d) = -d**3 + 4*d**2 - 4*d - 66. What is m(-4)?
78
Let q(n) = 89*n + 172. What is q(-2)?
-6
Let o(g) = g + 631. Give o(0).
631
Let r(o) = -2*o**2 - 43*o - 20. What is r(-21)?
1
Let b(d) = -d**3 - 8*d**2 + 30*d + 126. Calculate b(-10).
26
Let j(r) = r - 52. What is j(-28)?
-80
Let g(d) = -d**2 - 3*d + 780. Give g(-30).
-30
Let h(l) = -70*l**2 + 7. Give h(0).
7
Let c(b) = 17*b + 220. Calculate c(-14).
-18
Let g(k) = -k**3 + 3*k**2 + 126*k - 545. Determine g(4).
-57
Let p(k) = k**3 - 3*k**2 + 4*k - 35. What is p(4)?
-3
Let t(g) = -5*g - 22. Determine t(-6).
8
Let v(j) = -4*j**2 + 179*j + 74. What is v(48)?
-550
Let h(n) = -4*n**2 + 29*n - 11. Determine h(9).
-74
Let p(o) = o**3 + 106*o**2 - 113*o - 643. Calculate p(-107).
-1
Let m(r) = r**3 + r**2 + 67*r + 753. Determine m(-7).
-10
Let z(g) = -95*g**2 - 28*g - 5. Determine z(-3).
-776
Let x(y) = -y**3 - 21*y**2 - 16*y - 835. What is x(-22)?
1
Let f(w) = 327*w**3 - 2*w + 2. Calculate f(1).
327
Let i(l) = l**3 + 30*l**2 - 1055*l - 347. What is i(21)?
-11
Let c(t) = t**3 + 25*t**2 + 20*t + 92. Calculate c(-25).
-408
Let y(i) = 32*i - 201. Determine y(9).
87
Let h(m) = m**3 + 66*m**2 - 283*m - 4. Determine h(4).
-16
Let h(s) = 6*s**3 + 121*s**2 + 20*s - 17. What is h(-20)?
-17
Let p(f) = 33*f + 1738. Determine p(-53).
-11
Let b(t) = -6*t + 21. What is b(4)?
-3
Let a(m) = 13*m + 669. Determine a(-49).
32
Let g(t) = 100*t - 118. Give g(4).
282
Let r(w) = 167*w + 4487. What is r(-27)?
-22
Let k(f) = f**2 - 178*f - 1309. What is k(-7)?
-14
Let n(b) = -b**3 - 38*b**2 + 80*b + 72. Give n(-40).
72
Let z(i) = 7*i**2 + 30*i - 34. What is z(4)?
198
Let f(i) = -i**3 + 34*i**2 + 63*i + 320. Determine f(36).
-4
Let r(a) = a**3 + 222*a**2 + 240*a + 4202. Calculate r(-221).
3
Let g(k) = 2*k**3 - 50*k**2 + 97*k - 60. Calculate g(23).
55
Let t(z) = z**2 + 14*z - 96. Give t(7).
51
Let t(b) = 70*b + 520. Give t(-4).
240
Let c(q) = 46*q - 516. Determine c(23).
542
Let x(l) = -19*l + 191. Calculate x(9).
20
Let o(t) = 59*t + 461. What is o(-8)?
-11
Let m(r) = 9*r**2 + 13*r - 21. Give m(2).
41
Let f(w) = w**2 - 34*w - 71. Calculate f(35).
-36
Let r(g) = g**3 - 5*g**2 - 1. Give r(4).
-17
Let w(l) = 5*l**3 + 49*l**2 - 6*l + 33. What is w(-10)?
-7
Let g(l) = -l - 485. Calculate g(38).
-523
Let w(b) = b**3 + 29*b**2 - 33*b - 101. Give w(-30).
-11
Let t(a) = -46*a**2 + 10*a + 4. Calculate t(1).
-32
Let z(w) = -6*w - 238. What is z(-48)?
50
Let f(u) = -2*u**2 - 9*u + 51. Give f(-5).
46
Let x(h) = h**3 - 16*h**2 - 66*h + 29. Calculate x(19).
-142
Let n(c) = c**3 + 6*c**2 - 20*c + 190. Determine n(-10).
-10
Let l(j) = -104*j - 414. What is l(-6)?
210
Let p(m) = 2*m**2 + 13*m - 33. What is p(-8)?
-9
Let q(c) = c**2 - 4*c - 74. Calculate q(14).
66
Let i(x) = 780*x + 3792. Determine i(-5).
-108
Let a(s) = -s**3 - 58*s**2 + 133*s + 773. Give a(-60).
-7
Let q(f) = 14*f**2 - 280*f - 9. Give q(20).
-9
Let l(z) = -194*z - 780. What is l(-4)?
-4
Let t(f) = -f**2 - 93*f - 2002. Give t(-60).
-22
Let n(j) = -14*j**3 - j. Calculate n(-1).
15
Let y(k) = 54*k + 158. Calculate y(-1).
104
Let l(c) = 9*c - 469. Calculate l(55).
26
Let b(n) = -9*n**2 + 10*n - 1. Determine b(4).
-105
Let s(u) = -u**3 - 2*u**2 - 6*u + 20. Give s(4).
-100
Let m(x) = -x**3 - 14*x**2 - 33*x - 30. What is m(-9)?
-138
Let b(x) = 5*x**3 - 56*x**2 + 5*x - 6. Determine b(11).
-72
Let u(j) = 226*j - 51075. What is u(226)?
1
Let v(q) = -q**3 - 4*q**2 + 53*q + 73. Calculate v(-9).
1
Let a(m) = m**2 + 46*m - 437. Determine a(-54).
-5
Let f(a) = 4*a**3 - 6*a**2 - 8*a + 9. Calculate f(1).
-1
Let o(j) = j**3 + 34*j**2 - 114*j - 19. What is o(-37)?
92
Let t(n) = -96*n + 6228. Give t(67).
-204
Let z(n) = -9*n**3 + 2*n**2 + 5*n - 6. What is z(2)?
-60
Let h(f) = f**2 + 213*f - 428. What is h(2)?
2
Let r(l) = 10*l**2 - 1301*l + 120. Give r(130).
-10
Let l(o) = 268*o - 519. Calculate l(2).
17
Let p(t) = t**3 + 67*t**2 - 49*t + 1287. Calculate p(-68).
-5
Let t(x) = -3*x**2 + 126*x - 105. Give t(40).
135
Let l(m) = 2*m**3 - 14*m**2 - 32*m - 20. Calculate l(9).
16
Let m(t) = t**3 - 19*t**2 - 119*t - 31. Give m(24).
-7
Let c(q) = 645*q - 5825. Determine c(9).
-20
Let z(n) = -3*n - 36. Calculate z(3).
-45
Let f(t) = -2*t**2 + 159*t + 832. Calculate f(-5).
-13
Let x(l) = -l**2 + 38*l + 23. What is x(41)?
-100
Let y(w) = -w**3 - 56*w**2 + 121*w + 155. Determine y(-58).
-135
Let k(u) = -u**3 + 18*u**2 + 38*u + 98. What is k(20)?
58
Let c(u) = u**3 + 22*u**2 - 79*u - 1736. Give c(-22).
2
Let k(y) = -y**3 - 8*y**2 - 5*y - 19. Determine k(-4).
-63
Let n(o) = -11*o - 82. What is n(-16)?
94
Let n(y) = -y**3 - 18*y**2 - 23*y - 35. Determine n(-17).
67
Let n(p) = -131*p + 3153. What is n(25)?
-122
Let k(o) = 32*o - 5. Determine k(0).
-5
Let b(i) = i**2 + 4*i - 31. What is b(-10)?
29
Let v(p) = -174*p + 4390. Determine v(25).
40
Let v(g) = 3*g**3 + 124*g**2 + 378*g - 71. What is v(-38)?
5
Let j(p) = -9*p**3 + 109*p**2 - 44*p + 380. Determine j(12).
-4
Let j(o) = 28*o + 1514. Give j(-54).
2
Let b(j) = 108*j**3 + j**2 + 34*j + 34. Calculate b(-1).
-107
Let x(p) = -236*p + 4492. Determine x(19).
8
Let t(w) = -1289*w - 9019. What is t(-7)?
4
Let w(p) = -p**3 + 25*p**2 + 52*p + 5. Calculate w(27).
-49
Let j(s) = 2*s**2 + 139*s - 1087. Determine j(7).
-16
Let l(a) = -2*a**3 + 4*a**2 - 5*a - 59. What is l(0)?
-59
Let u(g) = g**3 + 5*g**2 - 7*g + 4. What is u(-7)?
-45
Let a(h) = 7*h - 270. Determine a(41).
17
Let u(z) = 25*z**3 + 4*z**2 - 18*z - 21. Give u(-1).
-24
Let o(v) = 262*v**2 + 29*v + 30. Calculate o(-1).
263
Let q(z) = -58*z + 3892. What is q(67)?
6
Let j(m) = -m**3 - 2*m**2 + 2*m - 3. Determine j(2).
-15
Let p(y) = -y**2 + 35*y + 391. Determine p(44).
-5
Let i(y) = -2*y**2 + 4*y - 13. Determine i(-4).
-61
Let h(v) = -349*v - 116. Give h(-2).
582
Let y(b) = b**2 - 38*b - 55. Give y(32).
-247
Let u(j) = 9*j - 327. What is u(47)?
96
Let w(z) = -28*z - 1268. What is w(-34)?
-316
Let t(o) = o**2 - 16*o - 14. Calculate t(17).
3
Let s(n) = -n**3 